d derivative of -b**3/3 + 3*b**2/2 + 2*b. What is f(s)?
-3
Let m(h) = -7*h**3 - h**2 - h - 1. Let c = 3 + 0. Let t(b) = -2*b - 2. Let r be t(-2). Let j = r - c. Give m(j).
6
Suppose 18*t - 16 = 14*t. Let u(k) = 2*k - 5. Calculate u(t).
3
Suppose -5*t + 7 = -3. Let g(a) = 0 - 3 + 4*a + a**2 + t*a + 2. Let i = -1 + -4. Give g(i).
-6
Let m = 29/42 + -5/14. Let t(l) be the first derivative of m*l**3 + 2*l - 1/2*l**2 - 1. Give t(2).
4
Suppose -5*j - 5*r = -2*j, 2*j = -3*r. Let k(i) = 5*i - i**2 + j*i + 0*i. Give k(3).
6
Let p(l) = -l**2 - 3*l + 3. Suppose -4*c = -4*t - 20, 3*c - 19 = 3*t + 2*t. Let o = -2 - t. Suppose m + 0*m + 4 = o. Give p(m).
-1
Let y(k) = -5*k**2 + 9*k. Let t(p) = -2*p**2 + p. Let d(s) = s**2 + s. Let g(q) = 3*d(q) + 3*t(q). Let l(j) = 8*g(j) - 5*y(j). What is l(-4)?
4
Suppose -6*i = -i, -4*f = i - 16. Suppose -j = s - 1, 3 = -f*s + j + 2. Let v(t) = -t**2 - 2. Calculate v(s).
-2
Suppose 0 = 5*v - 7*v + 4. Suppose -4*u = -v*b + 15 + 3, 0 = -4*b - 5*u - 29. Let r(c) = 12*c**2 - 8*c**2 + 9*c**2. Determine r(b).
13
Suppose v = 2*l + 4*v - 13, 3*v = -4*l + 17. Let x(r) = -1 - 2*r**l + r**2 + 13*r**2. What is x(1)?
11
Let d be (6/8)/(1/4). Let y(s) = 0*s**3 - 2*s**3 + s**2 + 0*s**3 + 3*s + s**d + 1. Determine y(3).
-8
Let f(a) = 2*a**3 - 2*a**2 + 1. Suppose -4*l = -5*u + 18, -l - 2 = 3*u - 6. Suppose n = s + 1, 5*s - u*n = -0*s - 5. Determine f(s).
-3
Suppose 0*r - 5*b = -5*r, 0 = 4*b - 12. Suppose 4*l - 14 = -2*m, 0 = m - r*l + 4*l - 5. Let a(n) = 1 + 0*n - m + n. Calculate a(0).
-2
Let h be 2/10 + 12/(-10). Let u(i) = -5*i**3 + 8*i**2 + 4*i - 7. Let q(v) = -v**3 + v**2 + v - 1. Let s(g) = h*u(g) + 4*q(g). What is s(3)?
-6
Let w(v) be the first derivative of -2*v**5/5 + v**4/12 + v**3/6 - v**2/2 - 4*v + 1. Let q(s) be the first derivative of w(s). Calculate q(1).
-7
Let z(o) = -2*o. Suppose -d + 1 - 2 = 0. Let k be 1 + 1 - (-4)/d. Let i(r) = -2*r + 1. Let b(f) = k*z(f) + 3*i(f). Determine b(3).
-3
Let p(u) be the third derivative of 0 + 3*u**2 + 0*u + 2/3*u**3 - 1/8*u**4. What is p(3)?
-5
Let l(t) be the third derivative of -t**8/20160 + t**7/1008 + t**6/360 - 7*t**5/60 + 8*t**2. Let n(y) be the third derivative of l(y). What is n(6)?
-4
Let a = -1 + 4. Let t = 2 - a. Let q(g) = -g**3. Give q(t).
1
Let p(z) = 10*z**3 + z - 4. Let l = 21 - 29. Let f(q) = -31*q**3 - 2*q + 11. Let d(k) = l*p(k) - 3*f(k). What is d(-1)?
-12
Let a(o) be the first derivative of -o**2/2 + 1. Calculate a(0).
0
Let c(g) = 4*g + 5. Let z(r) = 1 - 2 + 29*r**2 - 3 + 5 + 2*r. Let k be z(-1). Suppose k = -2*b - 4*j, 2*j + 6 = -2*b - 12. Give c(b).
-11
Let m(t) be the third derivative of -t**4/12 - t**3/3 - 18*t**2. Determine m(-2).
2
Let f(l) be the third derivative of l**6/120 + 7*l**5/60 + l**4/4 - 2*l**3/3 - 15*l**2. Determine f(-5).
16
Let m = -28 - -46. Let r be -1 - -1 - m/3. Let j(o) be the first derivative of -o**4/4 - 2*o**3 - o**2/2 - 2*o - 3. What is j(r)?
4
Let v(p) be the first derivative of p**4/6 + 2*p**3/3 - 3*p + 1. Let k(t) be the first derivative of v(t). Give k(-3).
6
Let h(g) = g. Let m(t) = t**2 + 7*t + 5. Let s be m(-7). Let w(x) = 2*x + 1. Let o(n) = s*h(n) - 2*w(n). Give o(-3).
-5
Let o(y) = 5 + 4*y + 4*y + 0*y - 7*y. Determine o(-6).
-1
Let g(h) be the second derivative of -1/2*h**2 + 0 + 2*h + 0*h**3 + 5/12*h**4. Calculate g(1).
4
Suppose -3*k - 6 = -21. Let f(s) = s**3 - 4*s**2 - 2*s - 6. Calculate f(k).
9
Suppose 4*v = 8 + 12. Suppose 0 = -v*j + 3*j + 4. Suppose l = -w - 3 + j, 5*l - 5*w + 25 = 0. Let s(y) = -y**3 - 3*y**2 - 3*y - 3. Determine s(l).
6
Let o(d) = -d + 5. Let v be 3/(2/(-8)*-3). What is o(v)?
1
Let i(l) = -l - 6. Let r be i(-5). Let k(f) = f**2 - 1. Let v(w) = 9*w**2 + w - 6. Let u(c) = 6*k(c) - v(c). What is u(r)?
-2
Let f(b) = 6 + b - b**2 + 3 + 5*b - 13. Let u be f(6). Let g(j) = j**3 + 3*j**2 - 6*j - 5. Calculate g(u).
3
Let l(z) = -z**2 + 5*z - 5. Let o(f) = f + 15. Let h be o(0). Let r(p) = p**2 - 15*p + 4. Let v be r(h). Determine l(v).
-1
Let g(t) = 3*t - 13*t - 1 + 0*t**2 - t**2. Let o be g(-10). Let u(m) = 6*m**2. What is u(o)?
6
Let l(x) be the second derivative of 0 + x - 1/3*x**3 + 1/2*x**2. Calculate l(3).
-5
Let l(b) be the third derivative of -b**6/360 - b**5/40 + b**4/12 - 3*b**2. Let z(x) be the second derivative of l(x). What is z(-4)?
5
Let i(k) = -3*k**2 - 1. Let s = 0 - -7. Let v be 0/s - (0 - 1). What is i(v)?
-4
Let c(b) = -b**2 + 5*b - 1. Let w(x) = -x**3 - 4*x**2 - 3*x - 8. Let h be 2*-6*(-1)/(-3). Let m be w(h). What is c(m)?
3
Let r(m) = -3*m**3 + 7*m**2 + 0*m**2 + 0*m**2 + 2*m**3 - 9*m + 8. Let u(t) = 4*t - 2. Let q be u(2). What is r(q)?
-10
Let z(y) = -2*y + 1. Let v be 12/(-42) - 26/7. What is z(v)?
9
Let s(v) = v + 6. Let p = -12 - 16. Let k be 4/10 + p/(-5). Let u be k - ((-2)/(-2) + 0). Calculate s(u).
11
Let v(u) be the second derivative of -u**3/6 - u**2/2 + 13*u. Give v(4).
-5
Suppose -15*o = -9 - 6. Let k(d) = -d**2 + 1. Determine k(o).
0
Let k(u) = -3*u**3 - 17*u**2 + 6*u - 23. Let v = 10 - 18. Let m(l) = -l**3 - 6*l**2 + 2*l - 8. Let y(q) = v*m(q) + 3*k(q). Calculate y(-4).
3
Suppose 2*a - 1 = 3. Suppose a*j = 3*c - j, j - 6 = -c. Let f(z) be the second derivative of z**5/20 - z**4/3 + 5*z**3/6 - 3*z**2/2 + z. Determine f(c).
3
Let d be (-10)/((-2)/4 - 0). Suppose -6*m + m = -d. Let v(i) = i**2 - 2*i - 5. Determine v(m).
3
Let f(t) be the third derivative of t**4/8 - t**3/6 + 25*t**2 - t. Determine f(2).
5
Let f(o) = -o**3 - 3*o**2 + 2*o - 3. Suppose 5*w = 4*w + 2. Suppose 2*b + p = -4*p + w, -2*b = -4*p + 16. What is f(b)?
5
Let o = 85 - 57. Suppose -4*l + 4*g + g + o = 0, 4*g = -l - 14. Suppose 2*p = l*h - 2, -5*p - 8 = -3*h + 1. Let i(a) = -a**3 + a**2 + a. Calculate i(h).
10
Let b(c) = -c + 3. Let x(y) = -y**3 + 9*y**2 - 10*y + 11. Let v be x(8). What is b(v)?
8
Let g(o) = -4*o**3 - 1. Let s = -2 - -5. Let h be -4 - (4 + 2)/(-3). Let p = s + h. What is g(p)?
-5
Suppose 0 = 4*o - 1 - 7. Let a(n) = -4*n**2 + 1 + 0*n**2 - 3*n + 3*n**o. Let j be (2 - 3)*7/((-21)/(-12)). Calculate a(j).
-3
Let i(r) = -4*r**3 - 8*r**2 + 7. Let k(m) = -7*m**3 - 15*m**2 - m + 13. Let a(z) = -5*i(z) + 3*k(z). Give a(-3).
-5
Let r(p) = p**3 - 2*p - 1. Let o be 11/5 - (-3)/(-15). Calculate r(o).
3
Let v(t) = 4*t + 5. Let h = 1 - -4. Let k = h - 3. Suppose 4 = -k*r + r. What is v(r)?
-11
Let t = -10 + 16. Let m(o) = o + 5 + 4*o - t*o. What is m(0)?
5
Let h(y) = 11*y**3 + 3*y + 1 - 3*y - y - y**2. Calculate h(1).
10
Let m(d) = -d + 2. Suppose 3 + 5 = 4*o. Suppose -4*g + 9 = 3*i, -2*g - g - o*i = -7. What is m(g)?
-1
Let u(t) = 2*t + 3. Suppose 7*q - 3*q - 16 = 0. Let k(v) = q + v + 0 + 2 + 1. Let m be k(-10). Give u(m).
-3
Let d(b) = -9*b**2 + b - 1. Let i(y) = 19*y**2 - 2*y + 2. Let t(g) = -7*d(g) - 3*i(g). Let u(s) = -s**2 - 7*s - 5. Let h be u(-6). Calculate t(h).
6
Let y(u) = 8*u**2 - 11*u + 2. Let j(c) = 7*c**2 - 10*c + 2. Let p(o) = -7*j(o) + 6*y(o). What is p(4)?
-2
Let w(l) be the third derivative of l**8/6720 - l**7/504 - l**6/90 + l**5/120 - l**4/12 + 2*l**2. Let p(x) be the second derivative of w(x). Calculate p(6).
-11
Let z(i) be the third derivative of 0 + 0*i + 0*i**4 - 1/20*i**5 + 3*i**2 - 1/120*i**6 + 0*i**3. Give z(-3).
0
Let c(g) = g - 1. Let z(v) = -8*v + 8. Let r(j) = -51*c(j) - 6*z(j). Give r(-4).
15
Let b be (-20)/6*(-66)/55. Let n(o) = o**2 - 4*o + 2. Let p be n(b). Let t(a) = -2*a + 1. Calculate t(p).
-3
Let f(s) = s**2 - s - 2. Let c be f(-2). Let a be 21/c - (-3)/(-12). Suppose -a = 5*n - 20. Let g(m) = -3*m. Calculate g(n).
-9
Let h(r) = r + 1. Let o = -46 - -66. Suppose -2*x = 2*q - 5*x - 2, 5*x + o = -5*q. Give h(q).
-1
Let f(t) = t**2 + 2*t + 3. Let c be f(-3). Let l(x) = -4*x - 3*x - 11 + 8*x. Calculate l(c).
-5
Suppose -5*w - 9 = 5*p + 16, 2*w = -4*p - 16. Let u(o) = o**2 - 3*o - 3. Calculate u(w).
7
Let w(c) = -6*c + 3. Let q(x) = 5*x - 3. Let f(j) = -7*q(j) - 6*w(j). Suppose -p = -3*p - 32. Let d = p - -13. Determine f(d).
0
Suppose -4*d - 4*x + 28 = 0, -4*x = 5*d - 22 - 11. Let k(w) be the second derivative of w**5/20 - w**4/2 + 2*w**3/3 + 3*w**2/2 - w. Calculate k(d).
-2
Let h(y) = 13*y**2 - 1. Let f(d) = -3*d**2 + 32*d - 4. Let k(w) = -2*w**2 + 21*w - 3. Let q(o) = 5*f(o) - 7*k(o). Let z be q(13). Give h(z).
12
Let f be -2*(-1)/(-4)*-10. Suppose -99 = f*j + 91. 